t is the remainder when j is divided by 49?
48
Suppose -169 + 1495 = -4472*x + 4506*x. Calculate the remainder when 283 is divided by x.
10
Let p(d) = -31*d + 64. Suppose -3*a - 4*z + 0 - 15 = 0, a - 2*z + 15 = 0. Calculate the remainder when p(a) is divided by 43.
42
Suppose k + 3*h - 1722 = 0, -5126 = -3*k + 30*h - 34*h. What is the remainder when k is divided by 243?
240
Suppose -120 = -9*k - k. Suppose 2*i - 64 = -k. Suppose 0 = s - 32 - 71. What is the remainder when s is divided by i?
25
Suppose 8 = 3*i + 2. Calculate the remainder when 1*262/i + 0 is divided by (-16)/7*1155/(-220).
11
Let z be -21 + 17 - (-78 - -1). Let q = 105 - z. Calculate the remainder when (3 - q/12)/(3/1161) is divided by 11.
8
Suppose -3*w + 102 + 360 = 0. Let d = w + -141. Let m(s) = -41*s**3 - 2*s**2 - 2*s - 1. What is the remainder when m(-1) is divided by d?
1
Let q = 3691 + 1285. What is the remainder when q is divided by 19?
17
What is the remainder when (3/(6/25))/((-395)/(-23700)) is divided by 8?
6
What is the remainder when (3/(-3) - 3)*(-21)/294*133 is divided by (5 + -2)*(-8)/(-6)?
2
Suppose 63*g - 835 = 755 - 267. Calculate the remainder when 205 is divided by g.
16
Let z be 5 - 80/100*5*1. What is the remainder when 56 is divided by (-27*z)/((-36)/24)?
2
Let f(a) = a + 9. Let o be f(-7). Suppose -40 = -o*m - 0*m. What is the remainder when 278/8 + (-13)/(-52) is divided by m?
15
Suppose -3693 = -38*i - 425. Calculate the remainder when 943 is divided by i.
83
Let m = -6105 - -6380. Calculate the remainder when 566 is divided by m.
16
Suppose -3*f + 74 = 3*c - 19, 0 = 5*c + 40. What is the remainder when f is divided by ((-2)/(-3))/((-2)/(-72))?
15
Let b(l) be the second derivative of -3*l**5/20 + 7*l**4/12 + l**3/2 - 30*l. Let v be b(-8). What is the remainder when 54 is divided by v/180 + 2/18?
10
Let t(v) = 3*v**3 + 31*v**2 + 40*v + 50. Calculate the remainder when 294 is divided by t(-9).
0
Suppose 70*p = 28146 + 4684. What is the remainder when p is divided by 18?
1
Suppose 103*v = 111*v - 16. Suppose -v*i - d + 91 = 0, 40 = -4*d + 52. Calculate the remainder when i is divided by 9.
8
Suppose -496 = 2*i - 10*i. Let p(r) = 2*r**3 - 26*r**2 + 3*r - 38. What is the remainder when i is divided by p(13)?
0
Suppose 5 = 8*m - 19. Suppose 2*w = -w + m. Suppose 0 = g - 22 + w. What is the remainder when 56 is divided by g?
14
Let d(c) = c**2 - 8*c + 666. Calculate the remainder when d(19) is divided by 18.
11
Let c = -394 - -397. Suppose c*r = 8*g - 13*g + 109, -3*r = -g - 79. Calculate the remainder when r is divided by 14.
0
Suppose 607059 - 249839 = 570*j - 891080. Calculate the remainder when j is divided by 434.
20
What is the remainder when 2235 is divided by (-438)/(-36) + -3*20/(-72)?
12
Let d be ((-3)/6 + 1)/((-5)/90). Let t be (-48)/d*(-3)/(-2). Calculate the remainder when (5 - t) + 1*(-2 + 43) is divided by 4.
2
Let l = 328 - 325. Suppose -3*q + 113 = -v, -3*v + 121 = l*q - 2*v. Calculate the remainder when q is divided by 3.
0
Let p = 12053 + -11953. What is the remainder when 333 is divided by p?
33
Suppose -7*s = 857 - 1228. What is the remainder when 405 is divided by s?
34
Suppose 8 = c + 7*c. Let j(k) = 59*k + 1. Let o be j(c). Suppose 6 = -6*w + o. What is the remainder when w is divided by 8?
1
Let i = 61 - 62. Let s(u) = -4*u + 1. Let f be s(i). Suppose -5*b + 595 = f*q, 3*b + b - 354 = -3*q. What is the remainder when q is divided by 21?
17
Suppose -8 = -b - 3. Let k be 13 + 5/b + 1. Let u(t) = t + 11. Calculate the remainder when u(k) is divided by 6.
2
Suppose -29*d = 14*d - 301. Let v = 4 - 30. Let k = v - -65. What is the remainder when k is divided by d?
4
Let f = 4459 - 4141. What is the remainder when f is divided by 3?
0
Suppose -5*q + 1885 = 8*q. Let b = q - 133. What is the remainder when 22 is divided by b?
10
Suppose 16 = 2*j - 0*k + 2*k, -k - 10 = -2*j. Let h be ((-72)/(-48))/((-2)/((-32)/j)). What is the remainder when 26 - (4 - (h - 3)) is divided by 8?
7
Let u(p) = -p**3 - 10*p**2 + p + 24. What is the remainder when (-10)/100 - 1143/(-30) is divided by u(-10)?
10
Suppose -4*c - 3*r + 5*r = -22, 20 = 5*c + 5*r. Suppose -2*f + 6*y = c*y - 35, -f = -2*y - 16. What is the remainder when f is divided by 10?
8
Let d(p) = -26*p + 1. Let b(m) = -50*m + 1. Let j(c) = -6*b(c) + 11*d(c). What is the remainder when j(3) is divided by 26?
21
Suppose 14*u - 23802 - 21689 = -15993. What is the remainder when u is divided by 124?
123
Let s(k) = -k + 16. Let r(g) = 126*g**3 - 1. Let v be r(1). Suppose 9*l + 26 = v. Calculate the remainder when 13 is divided by s(l).
3
Suppose 5*z + 4*h = 309, -2*z = -4*z + 3*h + 142. Calculate the remainder when 5 + z - (-3 - 0) is divided by (-64 - 1)/(-2 - (-5)/(-10)).
21
Let b(a) = -a**2 - 2*a + 118. Suppose 1 + 9 = 2*k + 2*g, 0 = 5*k + 4*g - 20. What is the remainder when 2/4*(-454 - k)/(-1) is divided by b(9)?
18
Suppose t - 4*v - 12 = -3*v, -3*t + 38 = -v. Suppose -2*p = 4*d - 186, -6*d + 144 = -3*d + 3*p. Calculate the remainder when d is divided by t.
6
Let x = -257 + 241. Suppose -4*h = -0*h - 5*g - 216, -g = -4. Calculate the remainder when h is divided by (x/(-24))/1*18.
11
Suppose 49*q = 57*q + 121*q - 2064. Suppose -3*y = -4*y + 63. What is the remainder when y is divided by q?
15
Let w(p) = p**2 - 10*p + 3. Let i = 248 + -109. Let u = i - 124. Calculate the remainder when w(18) is divided by u.
12
Let w = 413 + -243. Let l = w - -10. What is the remainder when l is divided by 13?
11
Let q(l) = -124*l - 7910. Calculate the remainder when 299 is divided by q(-64).
13
Let o = 1898 - 1448. What is the remainder when o is divided by 22?
10
Let d(k) = k**3 + 17*k**2 - 2*k - 33. Let j be (-4128)/240 + (2 - 9/5). What is the remainder when 23 is divided by d(j)?
0
Let f(k) be the second derivative of k**4/12 - k**3/3 - 2*k**2 - 2*k. Calculate the remainder when -15*(1 - (-204)/(-60)) is divided by f(-4).
16
Let m(g) = -7885*g - 411. What is the remainder when m(-2) is divided by 24?
23
Let r(u) = u**2 - 2*u - 60. Let o be r(-6). Calculate the remainder when 250 is divided by o*39/(-6) - (-9 + 3).
82
Suppose 6 = -5*h - r, 6*h + 4 = 5*h - 3*r. Let m(a) = 3*a**2 - a. Calculate the remainder when 16 is divided by m(h).
0
Let d = 1045 - 987. Suppose -3 = -3*g - x + 47, 0 = 5*g - 2*x - 65. Calculate the remainder when d is divided by (10/g)/((-1)/(-15)).
8
Let o = 121 + -123. What is the remainder when 187 is divided by o*168/16*-3?
61
Let v = 2300 + -2066. What is the remainder when v is divided by 123?
111
Let w be (-2)/(-6) + (-35)/15. Let f(v) = 34*v - 8. Let k be f(w). What is the remainder when 67 is divided by (-963)/(-57) + (-8)/k?
16
Let i(t) = -823*t - 1189. What is the remainder when i(-4) is divided by 124?
119
Suppose 0 = -4*h - a + 113, 16 - 89 = -2*h + 5*a. Suppose -202*i + 4316 = -1378 - 4406. Calculate the remainder when i is divided by h.
21
Let o be (-4)/2*(1/1 - 0). Let d be o*(4/(-2) + 0). Suppose -3*p - 3*i + 48 = 0, d*i + 62 = 2*p + p. Calculate the remainder when p is divided by 7.
4
Let i = 2789 - 2637. What is the remainder when i is divided by 18?
8
Let f be (-2)/11 + (-690)/(-165). Suppose f*u = 1058 - 138. Suppose a + 246 = 3*w + 2*w, 5*w - u = 5*a. What is the remainder when w is divided by 17?
16
Let u = 1211 + -1137. What is the remainder when 213 is divided by u?
65
Let z = -3 - -7. Suppose 16*l + 1110 = -21*l. Calculate the remainder when 56 is divided by z/(-8)*1*(-4 + l).
5
Suppose 3680 = -n - n. Let f be (-4)/(-6) + (n/(-12))/(-5). Let y = -1 - f. What is the remainder when y is divided by 15?
14
Let n(j) = -41*j - 448. Suppose 2*s + 220 = 6*s. What is the remainder when s is divided by n(-11)?
1
Let a = 22430 + -22037. Calculate the remainder when a is divided by 196.
1
Let f be (-40)/(-28)*63/18. Calculate the remainder when 125 + (-18)/45*f is divided by 14.
11
Suppose -336 = -23*o + 7*o. What is the remainder when 161 is divided by o?
14
Let j(s) = 14*s + 350. Let g be j(-26). Calculate the remainder when 220 is divided by g/4 - (-3657)/46.
68
Suppose -24*w + 7*w = -119. Suppose -492 = w*i - 19*i. Calculate the remainder when 160 is divided by i.
37
Let o = -61 + 65. Suppose 0*l - 3*w = -l + 14, o*w = -l - 14. Suppose 5*v = l*t + 68, 71 = 6*v - v + t. Wh